, 3673
What are the prime factors of 127924?
2, 31981
List the prime factors of 370508.
2, 92627
What are the prime factors of 1415678?
2, 11, 229, 281
What are the prime factors of 2354634?
2, 3, 257, 509
List the prime factors of 10778236.
2, 7, 127, 433
What are the prime factors of 9983980?
2, 5, 59, 8461
What are the prime factors of 152135?
5, 30427
List the prime factors of 10132016.
2, 19, 33329
List the prime factors of 849950.
2, 5, 89, 191
What are the prime factors of 10162085?
5, 2032417
What are the prime factors of 9799833?
3, 61, 53551
List the prime factors of 28030.
2, 5, 2803
List the prime factors of 25636475.
5, 1025459
What are the prime factors of 2700609?
3, 617, 1459
What are the prime factors of 172812?
2, 3, 14401
List the prime factors of 4003937.
7, 41, 1993
What are the prime factors of 1142112?
2, 3, 11897
List the prime factors of 11283560.
2, 5, 282089
List the prime factors of 209066.
2, 11, 13, 17, 43
What are the prime factors of 2523733?
37, 68209
What are the prime factors of 2346666?
2, 3, 7, 59, 947
What are the prime factors of 636144?
2, 3, 29, 457
List the prime factors of 4367862.
2, 3, 242659
List the prime factors of 586171.
97, 6043
What are the prime factors of 9591041?
9591041
List the prime factors of 180068.
2, 7, 59, 109
List the prime factors of 3936183.
3, 67, 19583
List the prime factors of 1258259.
31, 37, 1097
List the prime factors of 69725.
5, 2789
List the prime factors of 40920095.
5, 8184019
List the prime factors of 32573.
32573
What are the prime factors of 41778560?
2, 5, 29, 2251
What are the prime factors of 617436?
2, 3, 5717
List the prime factors of 964047.
3, 7, 29, 1583
What are the prime factors of 642394?
2, 37, 8681
List the prime factors of 261255.
3, 5, 17417
List the prime factors of 49152.
2, 3
List the prime factors of 10932543.
3, 19, 101, 211
List the prime factors of 917535.
3, 5, 61169
List the prime factors of 350514.
2, 3, 6491
What are the prime factors of 7945263?
3, 294269
What are the prime factors of 10464407?
10464407
List the prime factors of 5698179.
3, 17, 37243
What are the prime factors of 817882?
2, 13, 83, 379
List the prime factors of 7837440.
2, 3, 5, 13, 157
List the prime factors of 378724.
2, 73, 1297
What are the prime factors of 285842?
2, 131, 1091
List the prime factors of 172640.
2, 5, 13, 83
List the prime factors of 383909.
383909
What are the prime factors of 4725797?
127, 293
What are the prime factors of 222603?
3, 74201
List the prime factors of 164397.
3, 54799
List the prime factors of 10971607.
19, 577453
List the prime factors of 530086.
2, 71, 3733
List the prime factors of 1946052.
2, 3, 37, 487
List the prime factors of 2936970.
2, 3, 5, 32633
What are the prime factors of 204804?
2, 3, 5689
List the prime factors of 1150742.
2, 575371
List the prime factors of 274358.
2, 7, 19597
List the prime factors of 528256.
2, 4127
List the prime factors of 1004587.
19, 37, 1429
List the prime factors of 674325.
3, 5, 37
List the prime factors of 692255.
5, 138451
What are the prime factors of 3048340?
2, 5, 152417
List the prime factors of 256861.
11, 19, 1229
What are the prime factors of 1685612?
2, 53, 7951
What are the prime factors of 3862435?
5, 59, 13093
What are the prime factors of 2229532?
2, 499, 1117
What are the prime factors of 1139902?
2, 367, 1553
List the prime factors of 1013757.
3, 337919
List the prime factors of 1117736.
2, 31, 4507
What are the prime factors of 3068656?
2, 191791
What are the prime factors of 1904855?
5, 380971
What are the prime factors of 7193011?
7, 283, 3631
List the prime factors of 174077.
174077
List the prime factors of 8358018.
2, 3, 1393003
List the prime factors of 14790.
2, 3, 5, 17, 29
List the prime factors of 207477.
3, 23053
What are the prime factors of 112302?
2, 3, 17, 367
List the prime factors of 94955.
5, 7, 2713
List the prime factors of 63066.
2, 3, 23, 457
List the prime factors of 221769.
3, 41, 601
List the prime factors of 72797.
72797
List the prime factors of 6832313.
29, 43, 5479
What are the prime factors of 7586?
2, 3793
List the prime factors of 37738.
2, 18869
What are the prime factors of 5274809?
683, 7723
What are the prime factors of 916063?
41, 22343
List the prime factors of 4718027.
17, 277531
List the prime factors of 461642.
2, 71, 3251
What are the prime factors of 1180193?
7, 168599
What are the prime factors of 1334773?
11, 121343
What are the prime factors of 14528148?
2, 3, 53, 431
What are the prime factors of 234946?
2, 79, 1487
List the prime factors of 23263.
43, 541
List the prime factors of 11790366.
2, 3, 7, 347, 809
List the prime factors of 23285.
5, 4657
What are the prime factors of 1934149?
7, 83, 3329
What are the prime factors of 523629?
3, 73, 797
What are the prime factors of 1577106?
2, 3, 41, 2137
List the prime factors of 309683.
11, 47, 599
List the prime factors of 199361.
31, 59, 109
List the prime factors of 209080.
2, 5, 5227
What are the prime factors of 415020?
2, 3, 5, 6917
What are the prime factors of 419249?
419249
List the prime factors of 142308.
2, 3, 59, 67
What are the prime factors of 13995?
3, 5, 311
List the prime factors of 813409.
19, 31, 1381
What are the prime factors of 23977452?
2, 3, 907, 2203
List the prime factors of 6469042.
2, 131, 24691
List the prime factors of 50186.
2, 23, 1091
What are the prime factors of 18997576?
2, 13, 37, 4937
What are the prime factors of 16932144?
2, 3, 352753
What are the prime factors of 1668218?
2, 47, 17747
What are the prime factors of 648971?
648971
What are the prime factors of 12946780?
2, 5, 7, 11, 1201
What are the prime factors of 771068?
2, 192767
What are the prime factors of 171685?
5, 34337
What are the prime factors of 26724799?
17, 1572047
What are the prime factors of 652400?
2, 5, 7, 233
What are the prime factors of 3748436?
2, 113, 8293
List the prime factors of 34396530.
2, 3, 5, 7, 23399
What are the prime factors of 1150973?
1150973
What are the prime factors of 238063?
7, 71, 479
What are the prime factors of 3122781?
3, 17, 61231
What are the prime factors of 1785902?
2, 892951
List the prime factors of 610463.
7, 37, 2357
What are the prime factors of 2753188?
2, 688297
What are the prime factors of 60038?
2, 11, 2729
List the prime factors of 19549.
113, 173
What are the prime factors of 34246?
2, 17123
What are the prime factors of 203215?
5, 97, 419
What are the prime factors of 3558526?
2, 53, 59, 569
What are the prime factors of 3075456?
2, 3, 8009
List the prime factors of 3000981.
3, 701, 1427
List the prime factors of 7949707.
967, 8221
List the prime factors of 12476061.
3, 13, 29, 3677
List the prime factors of 16353747.
3, 1817083
What are the prime factors of 35502374?
2, 19, 349, 2677
What are the prime factors of 40120619?
7, 11, 521047
List the prime factors of 10205631.
3, 1133959
What are the prime factors of 983898?
2, 3, 47, 1163
What are the prime factors of 3084666?
2, 3, 13, 71, 557
List the prime factors of 1463554.
2, 59, 79, 157
What are the prime factors of 299169?
3, 13, 2557
What are the prime factors of 800957?
353, 2269
List the prime factors of 5075163.
3, 17, 11057
List the prime factors of 24634.
2, 109, 113
What are the prime factors of 51266?
2, 25633
List the prime factors of 24743722.
2, 23, 167, 3221
What are the prime factors of 18313?
18313
List the prime factors of 588.
2, 3, 7
List the prime factors of 10003129.
1201, 8329
List the prime factors of 23608122.
2, 3, 167, 23561
List the prime factors of 2285191.
17, 229, 587
List the prime factors of 405465.
3, 5, 27031
List the prime factors of 1003306.
2, 17, 23, 1283
What are the prime factors of 228979?
59, 3881
List the prime factors of 327670.
2, 5, 7, 31, 151
List the prime factors of 37927226.
2, 67, 349, 811
What are the prime factors of 4455620?
2, 5, 13, 17137
List the prime factors of 8833131.
3, 167, 653
What are the prime factors of 70336?
2, 7, 157
List the prime factors of 112291.
112291
What are the prime factors of 1357730?
2, 5, 11, 12343
List the prime factors of 282646.
2, 7, 13, 1553
What are the prime factors of 27950003?
31, 901613
What are the prime factors of 461500?
2, 5, 13, 71
List the prime factors of 166532.
2, 17, 31,